 Suppose 0 = 4*a + b - 80, -5*a + 100 = -b + x*b. Let i = 0 + a. What is the highest common divisor of i and 20?
20
Let y = 1626 - 1080. What is the greatest common factor of 28 and y?
14
Let b = 1062 + -672. Suppose 0 = 3*i - 8*i + b. Suppose -2*w - 2*f + 186 = 0, -2*w + w = -4*f - i. Calculate the highest common divisor of 10 and w.
10
Suppose 5*y - 3*t = 80, -2*t - 2*t + 64 = 4*y. What is the highest common divisor of y and 56?
8
Suppose 0 = -7*v + 6*v + 11. Let i = 3 + v. Let o(g) = -g**3 + 9*g**2 + 13*g - 2. Let q be o(10). Calculate the highest common divisor of i and q.
14
Let z = 12513 + -12512. Let i be 1*9 + -2 + 2. What is the highest common divisor of z and i?
1
Let w be -90*((-10)/30 + (-4)/6). What is the greatest common divisor of 99 and w?
9
Let l(n) = n**2 + 17*n + 66. Let m be l(-12). What is the highest common factor of m and 192?
6
Let f(o) be the second derivative of -o**5/20 + o**3/6 + 15*o**2/2 - 8*o. Let g = 0 + 0. Let x be f(g). Calculate the highest common factor of 5 and x.
5
Let q be 10*(-3)/12*-10. Suppose 7 + 17 = 3*b - 3*o, -5*b + 2*o = -q. Let h = b - -24. What is the greatest common factor of h and 18?
9
Let y(t) = -t**2 + 23*t - 59. Let k be y(20). What is the highest common divisor of k and 61?
1
Let c be -20 - (-2 + -4)/3. Let x be 3/c + (-1084)/(-24). Calculate the highest common factor of x and 18.
9
Let w = 74 - 411. Let y = -197 - w. Let c = -63 + y. Calculate the highest common divisor of c and 7.
7
Let x = 12 + -3. Let w be 34/3 + 8/(-24) + 0. Suppose 4*p - w = -7. What is the highest common factor of p and x?
1
Let b(h) = 13*h - 1. Let v be b(-1). Let w be ((-3)/2)/(v/28). Suppose -118 = -w*a - 37. What is the greatest common factor of a and 3?
3
Let p = 28 - -37. Let i be p + 2/((-4)/(-24)*-4). What is the highest common divisor of i and 31?
31
Let p = 20 - 10. Suppose 7 = 2*v - 33. What is the greatest common divisor of p and v?
10
Suppose 4*q - 3*u - 56 = -7*u, -q - 2*u + 15 = 0. Suppose -4*f + q = 5. Let w be 6/(f - 4/8). What is the greatest common divisor of w and 1?
1
Suppose -2*h + 2*k = -0*k - 94, 4*h - 191 = 3*k. What is the highest common divisor of h and 575?
25
Let z be 114/22 + 16/(-88). Suppose 2*r - 4*j = 5*r - 76, 4*j - 132 = -z*r. What is the highest common factor of r and 4?
4
Let g(s) = -s**2 - 20*s + 24. Let w be g(-20). Let v = 26 - w. Let m be -32*(v - (-5)/(-2)). What is the greatest common factor of 32 and m?
16
Let q = 18 - 13. Suppose 3*m + 16 = 3*o - 2*m, -4*o = q*m + 2. Calculate the greatest common divisor of 8 and o.
2
Let u be 6 - (2 + -2 + 1). Let w(i) = -i**3 + 4*i**2 + 6*i - 3. Let a be w(u). Suppose 0 = -d - a*d + 27. What is the greatest common divisor of d and 3?
3
Let v(i) = -i**3 + 12*i**2 - 6*i - 22. Let b be v(11). Suppose -44 - b = -z. Let k(l) = l + 12. Let r be k(-5). Calculate the highest common divisor of z and r.
7
Let i = 220 - 61. Let f(v) = v + 18. Let w be f(-13). Suppose -g - 19 = s - 58, -i = -4*g - w*s. Calculate the highest common factor of g and 90.
18
Let r(q) = -2*q**2 + 25*q + 4. Let f be r(18). Let x = -159 - f. Suppose 91 = 5*j + 21. What is the greatest common divisor of j and x?
7
Let s = -729 - -849. Calculate the greatest common factor of s and 72.
24
Let q(d) = -d**2 - 16*d - 8. Let p be q(-6). Calculate the highest common divisor of 156 and p.
52
Let q(v) = 14*v + 60. Let j be q(33). What is the highest common factor of 9 and j?
9
Let i(o) = -13*o + 38. Let k be i(-28). What is the greatest common divisor of k and 6?
6
Let k be 3/(7/((-56)/(-6))). Suppose -k*z + 85 = 3*i, -3*z - 4*i + 5*i = -54. Calculate the greatest common factor of z and 19.
19
Suppose 2*d = -2*c - 4, -2 = d - 4*c - 5. Let k = d + 29. Suppose -8*w + 4*w + k = 0. What is the highest common factor of 21 and w?
7
Let c(j) = 55*j**2 + 5*j + 8. Let s be c(-2). Suppose 2*p = -2*v + 222, 3*p - 2*v - s = p. Calculate the highest common divisor of 10 and p.
10
Suppose 0 = -4*p + 7*p. Suppose -u + p*u = -28. What is the greatest common divisor of 70 and u?
14
Suppose -i - 1113 + 3290 = 4*m, m - 4*i - 540 = 0. What is the highest common divisor of 34 and m?
34
Let u(b) = -3*b - 3. Let t be u(-2). Suppose t = -2*w + 9. Suppose 2*f = -w*a + 32, 4*f = 2*a + 39 + 57. What is the greatest common divisor of f and 11?
11
Let i = -505 - -521. Calculate the greatest common divisor of i and 136.
8
Suppose -16 = -0*w - 4*w. Suppose 2*h - 54 = f, -2*h - 3*f = -22 - 40. Calculate the highest common divisor of w and h.
4
Suppose -p - a + 90 = 0, -11*a + 8*a - 466 = -5*p. Suppose -q - 45 = -3*q - t, 117 = 5*q - 2*t. Calculate the highest common divisor of q and p.
23
Suppose 3*m - a - 587 = 302, 3 = -3*a. Calculate the highest common factor of m and 185.
37
Let t(y) = -3*y - 13. Let i be t(-10). Let v = 18 - i. Let n be (v - -22) + (-27)/9. Calculate the greatest common divisor of n and 100.
20
Let x(n) = -3*n + 46. Let p be x(12). Calculate the highest common divisor of p and 35.
5
Suppose -53*p = -54*p + 432. What is the greatest common factor of 12 and p?
12
Suppose 0*p - 2*p = -50. What is the greatest common factor of p and 1?
1
Let n(c) = 45*c + 15. Let t be n(-2). Let z = 117 + t. Calculate the highest common factor of z and 56.
14
Let x = 85 - 125. Let s be (x/15)/((-4)/(-6)). Let i be (27/(-6) - s)*-34. What is the greatest common divisor of 187 and i?
17
Suppose -3*g = -67 + 22. What is the greatest common divisor of 9 and g?
3
Suppose 3*b - 434 = -5*v, -12*v + 142 = b - 9*v. What is the highest common factor of b and 185?
37
Let a be 1*(-4 + (4 - 0)). Suppose 0*y + y - 4 = a. Suppose -10 = -5*i + 5*m, -i + 4*m = -0*i + 4. Calculate the highest common divisor of y and i.
4
Let v(g) = g + 17. Let y = -28 - -22. Let n be v(y). Calculate the greatest common divisor of 77 and n.
11
Let j = 109 - 91. Calculate the highest common divisor of j and 30.
6
Suppose 14*y - 2940 = -y. What is the highest common factor of y and 28?
28
Let f(g) = 5*g + 155. Let b be f(-29). Calculate the greatest common factor of b and 30.
10
Let b be (-2 + 286/8)/(24/64). Calculate the highest common divisor of 18 and b.
18
Let w = -127 - -133. Suppose -2*r = 3*y - 11, 4*y - 3*r - 2*r = 30. Suppose 2*x = -6, -y*d = x - 321 - w. What is the greatest common factor of d and 6?
6
Let d(c) = 3*c + 76. Let x be d(-6). What is the greatest common factor of 377 and x?
29
Let n = 7 + -16. Let w = n + 19. Let g = 34 - 29. What is the highest common divisor of w and g?
5
Suppose -103 - 25 = -4*g. Let z be g - ((-2)/1 + 2). Calculate the highest common divisor of 64 and z.
32
Suppose 0 = 2*w + a - 41, -2*w - 32 = -3*a - 85. Let y = 26 - w. Suppose y = 2*f - 20. What is the greatest common divisor of f and 108?
12
Let i be -1 - -3 - 3 - -155. What is the highest common factor of 66 and i?
22
Let l(a) = -a**3 - 6*a**2 - 2*a - 10. Let n be l(-6). Suppose 4*k = -20, 4*y - 3*k = -n*k + 145. Calculate the greatest common divisor of 14 and y.
7
Suppose -230*a - 1792 = -237*a. What is the highest common divisor of 48 and a?
16
Let p be 9/(-6)*(-462 - 0). Suppose 0*t + p = 3*t. Suppose -66 = j - 3*j. What is the highest common factor of j and t?
33
Suppose -3*o - 4*o = -140. Let m = o - 11. Let l(s) = -s**3 - 13*s**2 - 9*s - 18. Let g be l(-13). Calculate the highest common factor of m and g.
9
Let b(s) = -2*s + 11. Let w(o) = 6*o - 33. Let p(m) = -8*b(m) - 3*w(m). Let l be p(0). What is the highest common divisor of l and 121?
11
Let f be (-1)/4 - (4551/(-12) - 5). Calculate the greatest common factor of 96 and f.
96
Suppose -2*u = -5*u - 42. Let v = u - -4. Let n(k) = k**3 + 10*k**2 - k + 11. Let w be n(v). What is the greatest common divisor of w and 168?
21
Let d = 2137 + -1378. What is the highest common factor of d and 33?
33
Let b be 3/15 - 9/(-5). Let n(z) = 2*z**2 + 8*z + 14*z**2 - 2*z**b - 3*z**2 + z**3. Let c be n(-10). What is the highest common factor of c and 10?
10
Suppose -5*d + 4 + 6 = 0. Let o be 1/2*34*d. Suppose 4*f = 42 + 94. What is the greatest common divisor of o and f?
34
Let x(c) = -c - 7. Let v be x(0). Let b = -7 - v. Suppose b - 4 = -q. What is the highest common factor of 44 and q?
4
Suppose 3*r = -15, -2*i + r = -4*i + 71. Let c be i/(-14) + 3 + (-414)/(-21). Calculate the highest common divisor 